921770789.
921770789
What are the prime factors of 75547016?
2, 2887, 3271
What are the prime factors of 22852888?
2, 83, 127, 271
List the prime factors of 3662477121.
3, 2549, 478943
List the prime factors of 63439906.
2, 1093, 29021
List the prime factors of 1112656189.
53, 20993513
List the prime factors of 156053584.
2, 59, 165311
What are the prime factors of 62978312?
2, 19, 414331
What are the prime factors of 4807547259?
3, 461, 3476173
List the prime factors of 429633400.
2, 5, 7, 397, 773
What are the prime factors of 14222375?
5, 113779
List the prime factors of 967236211.
19, 50907169
List the prime factors of 50934547.
197, 258551
What are the prime factors of 3878882188?
2, 67, 14473441
List the prime factors of 2086980349.
19, 2351, 2459
What are the prime factors of 6258353241?
3, 7, 113, 277, 9521
What are the prime factors of 219381297?
3, 1663, 43973
List the prime factors of 603495.
3, 5, 13411
List the prime factors of 193907819.
7, 41, 587, 1151
List the prime factors of 2141372382.
2, 3, 107, 3335471
What are the prime factors of 100658716?
2, 4831, 5209
List the prime factors of 108128753.
19, 5690987
List the prime factors of 147228874.
2, 13, 17, 333097
List the prime factors of 1507408801.
757, 1991293
What are the prime factors of 2331476132?
2, 71, 367, 22369
What are the prime factors of 5085616498?
2, 2542808249
What are the prime factors of 1182557768?
2, 7, 59, 51131
List the prime factors of 40078044.
2, 3, 17, 83, 263
List the prime factors of 16142400.
2, 3, 5, 19, 59
List the prime factors of 11424311.
277, 41243
What are the prime factors of 978783?
3, 13, 25097
What are the prime factors of 59318765?
5, 11, 131, 8233
List the prime factors of 32949809.
397, 82997
List the prime factors of 5634247097.
53, 181, 523, 1123
What are the prime factors of 269668446?
2, 3, 569, 78989
List the prime factors of 367733790.
2, 3, 5, 19, 97, 739
List the prime factors of 444051402.
2, 3, 41, 1805087
List the prime factors of 1129242758.
2, 7, 80660197
What are the prime factors of 138887587?
19, 251, 29123
List the prime factors of 238042439.
367, 648617
List the prime factors of 2820406997.
2820406997
List the prime factors of 585961.
43, 13627
What are the prime factors of 20560083?
3, 199, 34439
What are the prime factors of 33270717?
3, 17, 463, 1409
What are the prime factors of 2423791100?
2, 5, 79, 306809
List the prime factors of 286953140.
2, 5, 149, 96293
What are the prime factors of 34858190?
2, 5, 3485819
List the prime factors of 41074629.
3, 53, 258331
List the prime factors of 61649273.
7, 29, 303691
List the prime factors of 649667631.
3, 17, 12738581
What are the prime factors of 1704218720?
2, 5, 17, 433, 1447
List the prime factors of 714173748.
2, 3, 19, 131, 23911
What are the prime factors of 27873802?
2, 11, 37, 283
List the prime factors of 972691224.
2, 3, 37, 877, 1249
What are the prime factors of 7530393512?
2, 137, 6870797
What are the prime factors of 74407470?
2, 3, 5, 17, 145897
What are the prime factors of 185461318?
2, 7, 19, 73, 9551
What are the prime factors of 259569573?
3, 139, 191, 3259
What are the prime factors of 37958845?
5, 47, 161527
What are the prime factors of 190397820?
2, 3, 5, 331, 9587
List the prime factors of 130595160.
2, 3, 5, 1088293
What are the prime factors of 1989989831?
23, 29, 2983493
What are the prime factors of 88600729?
7, 12657247
What are the prime factors of 218889385?
5, 11, 13, 306139
What are the prime factors of 2822936392?
2, 352867049
What are the prime factors of 160991396?
2, 359, 112111
What are the prime factors of 404471151?
3, 7, 713353
What are the prime factors of 570427670?
2, 5, 41, 1391287
List the prime factors of 2429066098.
2, 103, 163, 72341
What are the prime factors of 4815749824?
2, 75246091
What are the prime factors of 543900956?
2, 135975239
What are the prime factors of 11540508?
2, 3, 7, 137387
List the prime factors of 716903294.
2, 17, 521, 40471
What are the prime factors of 1226927156?
2, 7, 13, 251, 1033
What are the prime factors of 51618640?
2, 5, 645233
List the prime factors of 144274285.
5, 23, 37, 41, 827
What are the prime factors of 50921646?
2, 3, 8486941
List the prime factors of 80984683.
13, 6229591
What are the prime factors of 228663087?
3, 1223, 62323
List the prime factors of 3110217221.
487, 6386483
What are the prime factors of 78696373?
7, 37, 311, 977
List the prime factors of 114270335.
5, 149, 163, 941
List the prime factors of 41050838.
2, 20525419
What are the prime factors of 255936410?
2, 5, 23, 89, 12503
List the prime factors of 229069482.
2, 3, 131, 291437
What are the prime factors of 85223263?
67, 139, 9151
What are the prime factors of 298399549?
7, 103, 413869
List the prime factors of 48822995.
5, 13, 751123
What are the prime factors of 82705850?
2, 5, 17, 97301
List the prime factors of 8057181928.
2, 4507, 223463
List the prime factors of 74045409.
3, 24681803
What are the prime factors of 1523087591?
1193, 1276687
What are the prime factors of 157387924?
2, 39346981
What are the prime factors of 13566593?
13566593
What are the prime factors of 1759015222?
2, 17471, 50341
List the prime factors of 6086713677.
3, 11, 17, 499, 1279
List the prime factors of 245739100.
2, 5, 293, 8387
What are the prime factors of 293112304?
2, 47, 409, 953
List the prime factors of 1744745116.
2, 2063, 211433
What are the prime factors of 25901692?
2, 1181, 5483
What are the prime factors of 22923832?
2, 2865479
List the prime factors of 255482372.
2, 63870593
What are the prime factors of 190406213?
23, 197, 42023
List the prime factors of 353336920.
2, 5, 19, 464917
List the prime factors of 46191931.
499, 92569
List the prime factors of 104908853.
7, 17, 125941
What are the prime factors of 56178434?
2, 13, 179, 12071
What are the prime factors of 65240371?
7, 47, 59, 3361
List the prime factors of 70043903.
29, 331, 7297
What are the prime factors of 62333432?
2, 7, 491, 2267
What are the prime factors of 8061783?
3, 2687261
What are the prime factors of 959721018?
2, 3, 159953503
What are the prime factors of 495902920?
2, 5, 17, 729269
What are the prime factors of 445591840?
2, 5, 2784949
List the prime factors of 1963488483.
3, 11, 41, 227, 2131
What are the prime factors of 42253124?
2, 31, 41, 8311
What are the prime factors of 132515950?
2, 5, 7, 67, 5651
What are the prime factors of 608654759?
19, 32034461
What are the prime factors of 515983009?
461, 1119269
What are the prime factors of 6447471623?
83, 113, 687437
What are the prime factors of 1775346029?
6211, 285839
List the prime factors of 285264858.
2, 3, 83, 572821
What are the prime factors of 446212928?
2, 7, 996011
What are the prime factors of 61968136?
2, 7746017
List the prime factors of 278226317.
278226317
List the prime factors of 21852169.
21852169
What are the prime factors of 478948888?
2, 11, 17, 320153
List the prime factors of 73368582.
2, 3, 7, 163, 1531
What are the prime factors of 387245726?
2, 7, 19, 207973
What are the prime factors of 559321785?
3, 5, 11, 37, 30539
What are the prime factors of 2932479069?
3, 13, 31, 2425541
List the prime factors of 1531869610.
2, 5, 29, 137, 38557
List the prime factors of 1072536587.
61, 17582567
What are the prime factors of 114729165?
3, 5, 701, 3637
What are the prime factors of 72959792?
2, 47, 97021
What are the prime factors of 22586059?
22586059
List the prime factors of 125379522.
2, 3, 17, 61, 2239
What are the prime factors of 497976875?
5, 11, 113, 641
List the prime factors of 36393624.
2, 3, 97, 193
What are the prime factors of 5062873235?
5, 7, 149, 970829
List the prime factors of 290329716.
2, 3, 47, 514769
What are the prime factors of 49847758?
2, 73, 341423
List the prime factors of 46068830.
2, 5, 41, 112363
List the prime factors of 291091807.
73, 3987559
List the prime factors of 39490455.
3, 5, 19, 138563
List the prime factors of 294221390.
2, 5, 73, 403043
List the prime factors of 144238448.
2, 9014903
What are the prime factors of 197800292?
2, 49450073
List the prime factors of 22911812.
2, 7, 11, 10627
List the prime factors of 115725823.
167, 692969
List the prime factors of 1007023284.
2, 3, 27972869
What are the prime factors of